 15) to base 11.
120a1
Convert -2b4 (base 15) to base 11.
-513
What is -4077 (base 8) in base 5?
-31421
Convert 3172 (base 9) to base 5.
33313
Convert -287 (base 12) to base 4.
-12013
What is -4444 (base 10) in base 15?
-14b4
What is -24213 (base 5) in base 4?
-130100
-12000000 (base 3) to base 2
-111000111101
What is -5860 (base 9) in base 3?
-12222000
2553 (base 6) to base 7
1611
Convert 201012220 (base 3) to base 6.
144510
10e45 (base 15) to base 11
374a6
What is 32311032 (base 4) in base 8?
166516
-2340 (base 5) to base 10
-345
Convert -4b34 (base 16) to base 11.
-13512
Convert 74c (base 15) to base 16.
66f
Convert 33032 (base 5) to base 9.
3088
What is -2231 (base 12) in base 8?
-7305
Convert 2517 (base 10) to base 14.
cbb
-654 (base 10) to base 9
-806
What is -397 (base 15) in base 11?
-683
Convert 781 (base 9) to base 3.
212201
1837 (base 11) to base 9
3178
Convert -12435 (base 9) to base 5.
-232000
Convert -14807 (base 10) to base 14.
-5579
Convert -2b76 (base 12) to base 14.
-1c26
-100110111110 (base 2) to base 16
-9be
4134 (base 6) to base 14
49c
What is -12011 (base 4) in base 13?
-23c
23541 (base 7) to base 4
1133121
1112100112 (base 3) to base 5
1431041
Convert 3a1 (base 14) to base 5.
10404
1265 (base 12) to base 14
a97
Convert -27ed (base 15) to base 7.
-33631
Convert -1093 (base 16) to base 15.
-13cd
9830 (base 10) to base 14
3822
134021 (base 5) to base 7
22032
-24145 (base 8) to base 12
-5b99
What is -142241 (base 5) in base 3?
-22011020
What is 183f (base 16) in base 14?
2395
Convert -212221000 (base 3) to base 2.
-100010000100010
Convert -100101 (base 3) to base 9.
-311
What is 699 (base 13) in base 4?
101310
What is 25421 (base 6) in base 7?
14110
What is 1164 (base 8) in base 10?
628
Convert -302 (base 11) to base 10.
-365
-211020011 (base 3) to base 9
-24204
Convert -13250 (base 8) to base 9.
-7854
Convert 136 (base 10) to base 8.
210
-10122 (base 5) to base 3
-220112
-201120 (base 4) to base 14
-ac8
What is -a01 (base 13) in base 14?
-88b
What is 2421 (base 6) in base 11?
496
1126 (base 10) to base 12
79a
Convert 311 (base 12) to base 10.
445
-94 (base 11) to base 12
-87
-12300 (base 5) to base 14
-4bc
What is -261414 (base 7) in base 2?
-1011110110111010
Convert -664 (base 10) to base 3.
-220121
What is 13718 (base 10) in base 9?
20732
Convert -41 (base 15) to base 16.
-3d
-c79 (base 16) to base 12
-1a21
What is -300212 (base 5) in base 6?
-111400
Convert -7d2 (base 14) to base 10.
-1556
-a14 (base 12) to base 7
-4150
Convert 251 (base 12) to base 15.
184
-40370 (base 9) to base 8
-63666
Convert 15d (base 15) to base 16.
139
258 (base 14) to base 6
2102
-13200 (base 5) to base 12
-736
What is -65e7 (base 15) in base 9?
-32551
-414 (base 5) to base 8
-155
Convert -101011110001110 (base 2) to base 10.
-22414
Convert -60771 (base 9) to base 14.
-1080d
Convert -111121122 (base 3) to base 9.
-14548
Convert -111110110010011 (base 2) to base 13.
-1182b
What is 125230 (base 6) in base 13?
5337
What is -340103 (base 5) in base 9?
-17285
-135 (base 13) to base 8
-325
What is -245142 (base 6) in base 15?
-6738
What is -1247 (base 16) in base 10?
-4679
What is -1023020 (base 6) in base 12?
-24a70
What is -527 (base 14) in base 12?
-707
5a0 (base 11) to base 2
1011001011
-137 (base 14) to base 11
-203
-30002 (base 8) to base 13
-5795
Convert -1153 (base 8) to base 3.
-211221
Convert -1795 (base 12) to base 7.
-11210
What is -441551 (base 6) in base 4?
-20331223
What is 16875 (base 9) in base 3?
120222112
What is -3104 (base 6) in base 3?
-221111
What is 3b31 (base 14) in base 3?
112022100
What is -2aa (base 13) in base 5?
-3403
Convert 2250 (base 6) to base 2.
1000010110
Convert 11623 (base 8) to base 10.
5011
Convert 16703 (base 10) to base 6.
205155
What is -38468 (base 9) in base 12?
-12ba5
343 (base 14) to base 16
287
253006 (base 7) to base 9
70887
259 (base 15) to base 6
2250
Convert 132002 (base 4) to base 8.
3602
Convert 4016 (base 7) to base 6.
10225
What is -3597 (base 16) in base 4?
-3112113
What is 214 (base 13) in base 10?
355
What is 269d (base 15) in base 14?
3012
1321 (base 6) to base 7
661
cc3 (base 16) to base 3
11111000
What is 18a7 (base 12) in base 15?
d57
12242 (base 5) to base 8
1663
What is -2b4 (base 15) in base 5?
-4434
-14655 (base 11) to base 12
-10013
What is -15554 (base 8) in base 16?
-1b6c
What is 1011000010011 (base 2) in base 4?
1120103
Convert -22543 (base 6) to base 2.
-110010011111
Convert 8562 (base 10) to base 16.
2172
What is -1aa01 (base 11) in base 13?
-10373
20335 (base 12) to base 4
22033121
11005 (base 7) to base 16
abd
What is -3155 (base 12) in base 2?
-1010100010001
Convert 8739 (base 14) to base 9.
35052
Convert 1da (base 16) to base 14.
25c
What is 1106 (base 14) in base 15?
d16
What is -592 (base 13) in base 3?
-1022201
199 (base 12) to base 13
171
1d6 (base 16) to base 3
122102
-da3 (base 16) to base 8
-6643
Convert -2003 (base 4) to base 2.
-10000011
Convert 105322 (base 6) to base 10.
8978
What is -4 (base 5) in base 15?
-4
Convert 10101011100111 (base 2) to base 6.
122503
What is -1000222 (base 3) in base 16?
-2f3
Convert -3130121 (base 4) to base 14.
-51d7
-3850 (base 13) to base 12
-4774
What is -13222 (base 4) in base 8?
-752
What is -2104 (base 5) in base 12?
-1b3
Convert 77a0 (base 12) to base 6.
141120
What is 28115 (base 11) in base 10?
40067
Convert -34a5 (base 13) to base 14.
-29aa
What is -24357 (base 8) in base 2?
-10100011101111
Convert -3d5 (base 16) to base 2.
-1111010101
210 (base 8) to base 11
114
1000111010001 (base 2) to base 3
20020221
What is 12002222 (base 3) in base 4?
322031
-19c5 (base 13) to base 7
-14211
340 (base 13) to base 16
22f
-100432 (base 5) to base 6
-23002
Convert -151 (base 10) to base 4.
-2113
1804 (base 14) to base 12
25b8
Convert -20540 (base 6) to base 3.
-10211120
Convert 971 (base 15) to base 9.
2827
What is -4b83 (base 13) in base 8?
-25002
What is -46540 (base 8) in base 11?
-13978
What is 173 (base 16) in base 13?
227
What is 6653 (base 11) in base 2?
10001001000010
Convert 101001000000110 (base 2) to base 13.
9733
Convert 1d3 (base 14) to base 15.
1a6
What is -423523 (base 6) in base 2?
-1000011011101011
What is -391 (base 15) in base 10?
-811
What is -831 (base 10) in base 11?
-696
Convert -e9 (base 16) to base 10.
-233
58a3 (base 13) to base 4
3002312
Convert -2204 (base 8) to base 12.
-804
What is -2764 (base 16) in base 5?
-310314
Convert -12200130 (base 4) to base 3.
-1100120010
-204 (base 15) to base 14
-246
What is -1642 (base 8) in base 5?
-12210
What is 142521 (base 8) in base 3?
2120021212
What is 2457 (base 15) in base 8?
17064
What is 100100011010 (base 2) in base 12?
1422
What is 2b0 (base 13) in base 15?
221
Convert 6511 (base 8) to base 9.
4588
Convert 100103 (base 4) to base 2.
10000010011
-1947 (base 11) to base 14
-c87
122 (base 15) to base 7
515
What is -1312123 (base 5) in base 11?
-18518
-10047 (base 13) to base 8
-67714
-2122220 (base 3) to base 8
-3625
Convert 723 (base 15) to base 11.
1232
Convert 5165 (base 13) to base 4.
2233211
9 (base 16) to base 15
9
Convert -36b (base 13) to base 11.
-4a2
Convert -27811 (base 9) to base 6.
-223231
What is 12131 (base 7) in base 14?
1218
204142 (base 5) to base 12
3b25
Convert 52d (base 16) to base 12.
925
-101502 (base 7) to base 13
-7bc3
What is -fda9 (base 16) in base 10?
-64937
Convert 222411 (base 5) to base 10.
7856
1100110100010 (base 2) to base 12
396a
-215 (base 14) to base 13
-258
-1000101 (base 2) to base 7
-126
120420 (base 5) to base 10
4485
Convert -4015 (base 7) to base 6.
-10224
-aa7 (base 14) to base 10
-2107
Convert -111111110 (base 2) to base 11.
-424
What is 2181 (base 13) in base 4?
1020330
967 (base 10) to base 7
2551
Convert -110001100 (base 2) to base 16.
-18c
-8307 (base 16) to base 8
-101407
Convert -444 (base 6) to base 5.
-1142
-22130 (base 4) to base 16
-29c
Convert -4143 (base 11) to base 14.
-2004
8061 (base 12) to base 2
11011001001001
Convert -123103 (base 4) to base 5.
-23442
Convert -877 (base 12) to base 3.
-1201001
What is 3796 (base 10) in base 3?
12012121
32120110 (base 4) to base 13
20a6a
What is -10330023 (base 4) in base 16?
-4f0b
What is 2864 (base 14) in base 13?
3337
What is 100001101111 (base 2) in base 13?
ca1
-1497 (b